2. Let c be n(0). Suppose -c*i - 311 = -13*i. What are the prime factors of i?
311
Suppose 0 = z - 5*z + 8. Suppose -2*g + 57 = z*g + 5*c, -2*c + 2 = 0. Suppose 0 = g*x - 10*x - 396. List the prime factors of x.
2, 3, 11
Let v(r) = -3*r + 2*r - 1 - 4 - 1. Let u be v(-8). Suppose 215 = 7*f - u*f. List the prime factors of f.
43
Suppose 0*g = 3*g - 30. Suppose 2*f = 5*u - 4, 6*f - 8 = 10*f - 3*u. Let n = g - f. What are the prime factors of n?
2, 3
Let z = -4 + 4. Suppose z*j + 575 = -5*j. Let u = j + 258. List the prime factors of u.
11, 13
Let q = 19 + -18. Let h be 430 + (4 - 8 - -8 - q). Suppose -5*p + h = -3*b, p + 2*p - 259 = 2*b. List the prime factors of p.
89
Let l = 281 + -273. Suppose 0 = l*z + 4401 - 12065. What are the prime factors of z?
2, 479
Let k(s) = 14*s + 8. Let d be 222/36 - (-2)/(-12). Let x be k(d). Suppose 4*h - x = -4*j, 4*h - 3 - 1 = 0. List the prime factors of j.
2, 11
Let v(s) be the third derivative of s**5/60 + s**4/12 + s**3/2 - 17*s**2. Let j be v(-3). Suppose n = -t + 6, 0*n + 2*t + j = n. List the prime factors of n.
2, 3
Suppose 53*v - 165*v = -69*v - 673122. What are the prime factors of v?
2, 3, 2609
Let b(m) = -7*m - 4. Let o be b(-5). Suppose o*x - 2464 = 9*x. What are the prime factors of x?
2, 7
Suppose -3*n + 860 + 508 = 0. Let d = n + -122. What are the prime factors of d?
2, 167
Let k(o) = 6476*o**2 - 30*o - 31. List the prime factors of k(-1).
5, 7, 37
Suppose 16*z - 35*z = -266. Suppose -790 = 9*c - z*c. List the prime factors of c.
2, 79
Let q(d) = d**3 + d**2 - 4*d + 4. Let z be q(2). Suppose 60 = -z*r + 5*r. Let p = 122 - r. List the prime factors of p.
2, 71
Suppose w = 5*b - 295063, -2*b - 47*w + 118042 = -45*w. List the prime factors of b.
2, 19, 1553
List the prime factors of (-4 - 36/(-24))*1044048/(-40).
3, 21751
Let c = 91 - 82. Suppose c*v + 74 = 659. What are the prime factors of v?
5, 13
Suppose -244*c + 118900 = -224*c. What are the prime factors of c?
5, 29, 41
Suppose -28*r + 14*r - 128*r + 4774324 = 0. List the prime factors of r.
2, 16811
What are the prime factors of (6704 - (5 - 10)) + 3?
2, 839
Suppose -18*t + 84736 + 99752 - 29454 = 0. List the prime factors of t.
3, 11, 29
Let r(b) = 1732*b + 1893. List the prime factors of r(3).
3, 17, 139
List the prime factors of (3 - 205/70) + 184883/14 - 6.
2, 3, 5, 11
Suppose -4*z = -16*z + 72. Suppose z*s = -1285 + 4315. Let o = s - 308. What are the prime factors of o?
197
Suppose -489 = 20*o + 4131. What are the prime factors of 906/(-4)*1078/o?
7, 151
Let z be 11/22 + 37/2. Let s(k) = 2*k**3 + 20 - 15*k**3 - z. What are the prime factors of s(-2)?
3, 5, 7
Let t(b) = -808*b + 1954. List the prime factors of t(-4).
2, 2593
Let m be 2*-5*(-44)/110. Suppose x - 4*x + 2956 = m*r, -2*r = -2*x + 1994. What are the prime factors of x?
2, 31
List the prime factors of (-17 - (-26)/4)*14736/(-14).
2, 3, 307
Let x be 13/((-39)/(-18)) + -4. Suppose b = x*b - 2, q - 448 = -3*b. List the prime factors of q.
2, 13, 17
Suppose u - 2*u - 26 = 0. Let j = 2 - u. What are the prime factors of (-4)/((3 + -5)/j)?
2, 7
Suppose 0*z = 3*z - 1962. Let k be (3 - z/(-15)) + 6/(-10). Suppose -731 = -5*d - k. What are the prime factors of d?
137
Let t = -113333 - -165122. List the prime factors of t.
3, 61, 283
Let k(y) = 2458*y**2 + 21*y + 56. List the prime factors of k(-3).
5, 4423
Let v = -11485 - -11807. Let x(y) = y**3 + 10*y**2 - y + 6. Let b be x(-5). Let l = v - b. List the prime factors of l.
2, 3, 31
Let f(b) = b**2 + 2*b + 15. Let g be f(0). Suppose -5*m + g = 0, -5*s = -3*m - 2 - 4. Suppose -5*n + s*n = -76. List the prime factors of n.
2, 19
Let a = 19711 + -12726. What are the prime factors of a?
5, 11, 127
Suppose -3*n + 992 - 74 = 0. Let x = n + 146. What are the prime factors of x?
2, 113
Let k(w) = w**2 + 4*w - 12. Let z(s) = 2*s - 46. Let j be z(20). Let b be k(j). Let p = b - -32. List the prime factors of p.
2
Let u(y) = -2*y**3 - 2*y**2 - 4*y - 2. Let r be u(-1). Let f(q) = -q + 8*q**3 + 30 + 2*q**2 + 0*q**2 - 28 + 0*q. What are the prime factors of f(r)?
2, 3
Let a(s) = -4*s - 330. Let q be a(-45). What are the prime factors of q/(-60)*3776/10?
2, 59
Suppose -139*j - 229710 = -170*j. List the prime factors of j.
2, 3, 5, 13, 19
Let g be (-42)/((8/(-208))/((-39)/(-6))). Suppose 21*p + g = 27*p. List the prime factors of p.
7, 13
Suppose 0 = -12*c - 16*c. Suppose -2*u = -2*v - c*u + 2060, 4*v - 4084 = -5*u. List the prime factors of v.
2, 3, 19
Let l(i) = i**2 + 9*i + 10. Let p be l(-8). Suppose -o + 155 = v, 3*v = -p*o + 4*v + 295. List the prime factors of o.
2, 3, 5
Suppose 5*x = -4*x - 7659. Let k = 441 + x. Let i = k + 616. What are the prime factors of i?
2, 103
Let w = -8554 - -5030. Let s = w - -5454. What are the prime factors of s?
2, 5, 193
Let b(k) = 141*k + 3274. List the prime factors of b(93).
7, 2341
Let d(c) = -57*c - 9. Let b be d(-6). Let w(j) = j**3 + 12*j**2 + 18*j - 12. Let s be w(-7). Suppose 8*p - b = s. List the prime factors of p.
5, 11
Let f(x) = -7*x**3 + 27*x**2 + x + 84. Let v(b) = -3*b**3 + 14*b**2 + 41. Let c(z) = -2*f(z) + 5*v(z). List the prime factors of c(15).
2, 29
Suppose 49*r + 46*r - 1507460 = 10165. What are the prime factors of r?
3, 5, 71
Let h be (30/(-45))/((-2)/(-27)). Let z be (-333)/6*12/h. List the prime factors of (-5)/1*z/(-10).
37
Let f(b) = -b**2. Let s be f(-3). List the prime factors of (-192)/s*(-2352)/(-64).
2, 7
Let h = -144 - -398. List the prime factors of (h/6 + -1)/(120/900).
2, 5, 31
List the prime factors of 612596/16 + -5 + 6/(-24).
2, 19141
Let v(r) = 2*r**2 - 5*r**3 - 15*r**2 - 25 + 6*r**3 - 12*r. Let x be v(14). Suppose -385 = -2*l + x*k, -3*l + 304 + 261 = -2*k. What are the prime factors of l?
5, 37
Suppose 10*q - 13*q + 132 = 0. Let t = q - 49. List the prime factors of 81 + -3 + (-4)/(t/5).
2, 41
Let l(k) = -214*k**3 - 2*k**2 + 4*k + 9. Let i be l(-2). Suppose -3*x + 0*x = p - 1006, 5*x = 4*p + i. List the prime factors of x.
337
Let y(l) = l**2 + 7*l + 10. Let x be y(-2). Let g(a) = -a**2 + 775. List the prime factors of g(x).
5, 31
Let c(l) = -l**3 + 10*l**2 + 11*l + 16. Let h be c(11). Suppose 2*t = -4*y + h, 5 = 5*t - y - 2. Suppose -t*a = -25 - 181. List the prime factors of a.
103
Suppose -m + 1111 - 351 = 0. Let y = 1681 - m. What are the prime factors of y?
3, 307
Let f(u) be the second derivative of -11*u**5/20 - u**3/2 - u**2 - u. Suppose 73*z - 3*t = 68*z - 4, 5*z - t = -8. What are the prime factors of f(z)?
2, 23
Let i be 6/(0 + 4/34). Suppose -11 + i = 8*c. What are the prime factors of -66*(2/c - (-21)/(-15))?
2, 3, 11
Let d be (-3)/(3/21 + 96/(-378)). Let v(p) = -p - 12. Let t be v(-9). What are the prime factors of (15/(-3) - t) + d?
5
Let z be (96/(-4))/((-12)/368 - 0). Let o = z - 253. What are the prime factors of o?
3, 7, 23
Let b(w) = 5*w**3 - 3*w**2 + 1 + 11*w**2 - 3*w**2 - 5 - 15*w. What are the prime factors of b(3)?
131
Let f(k) = 39 - 6*k**2 + 82 - 137 + 2*k**3 + 2*k. Let n be (5/4)/(1/4). List the prime factors of f(n).
2, 47
Suppose -n + 1 = 0, 5*b = b + 2*n + 474. Let o = 66 + 4. Let h = b - o. List the prime factors of h.
7
Let k = -25 - -34. What are the prime factors of 27958/70 + k/15?
2, 5
Suppose -o = -2*q + 2, 2*o - 4*q + 5*q - 1 = 0. Suppose o = -7*a + 116 - 53. What are the prime factors of a?
3
Let f(c) = -35*c**2 + 5*c + 46. Let k(m) = -69*m**2 + 9*m + 91. Let j(v) = -5*f(v) + 2*k(v). What are the prime factors of j(-5)?
2, 3, 19
Let r = 3021 - 2062. Let y = r - 539. List the prime factors of y.
2, 3, 5, 7
Let f = -14 + 13. Let g be f/(((-18)/105)/(-6)). Let b = g - -87. List the prime factors of b.
2, 13
Suppose 103*w = -215211 + 1157043. What are the prime factors of w?
2, 3, 127
Let m(n) = -31*n - 31. Let q be m(-43). Let i = q + -594. What are the prime factors of i?
2, 3, 59
Suppose -2*v - 3723 = 2*g - 11445, -15404 = -4*v + 4*g. What are the prime factors of v?
2, 241
Let k(o) = -134*o - 740. List the prime factors of k(-69).
2, 4253
Let s(t) = 7*t**2 + 11. Let w be s(-4). Let k = 105 - w. List the prime factors of k/8*-2*16.
2, 3
Let n be (1*-1)/(19/(-1102)). Let b = n - -7. List the prime factors of b.
5, 13
Let x be 14/49 - 46/14. What are the prime factors of (x + -4 + 10)/((-1)/(-49))?
3, 7
Suppose 0 = -21*b + 18*b